{"id":8,"date":"2023-04-30T03:49:37","date_gmt":"2023-04-30T03:49:37","guid":{"rendered":"https:\/\/xn--larabkhltransporte-r6b.de\/?page_id=8"},"modified":"2025-08-29T16:06:07","modified_gmt":"2025-08-29T14:06:07","slug":"home","status":"publish","type":"page","link":"https:\/\/xn--larabkhltransporte-r6b.de\/","title":{"rendered":"HOME"},"content":{"rendered":"\t\t<div data-elementor-type=\"wp-page\" data-elementor-id=\"8\" class=\"elementor elementor-8\">\n\t\t\t\t\t\t<section class=\"elementor-section elementor-top-section elementor-element elementor-element-18aea9b2 elementor-section-full_width elementor-section-height-default elementor-section-height-default\" data-id=\"18aea9b2\" data-element_type=\"section\">\n\t\t\t\t\t\t<div class=\"elementor-container elementor-column-gap-default\">\n\t\t\t\t\t<div class=\"elementor-column elementor-col-100 elementor-top-column elementor-element elementor-element-2c76a0a5\" data-id=\"2c76a0a5\" data-element_type=\"column\">\n\t\t\t<div class=\"elementor-widget-wrap elementor-element-populated\">\n\t\t\t\t\t\t<div class=\"elementor-element elementor-element-c70e758 elementor-widget elementor-widget-video\" data-id=\"c70e758\" data-element_type=\"widget\" data-settings=\"{&quot;video_type&quot;:&quot;hosted&quot;,&quot;controls&quot;:&quot;yes&quot;}\" data-widget_type=\"video.default\">\n\t\t\t\t<div class=\"elementor-widget-container\">\n\t\t\t\t\t\t\t<div class=\"e-hosted-video elementor-wrapper elementor-open-inline\">\n\t\t\t\t\t<video class=\"elementor-video\" src=\"https:\/\/xn--larabkhltransporte-r6b.de\/wp-content\/uploads\/2023\/05\/LARAB-Transporte.mp4\" controls=\"\" preload=\"metadata\" controlsList=\"nodownload\" poster=\"https:\/\/xn--larabkhltransporte-r6b.de\/wp-content\/uploads\/2023\/04\/Larab.jpg\"><\/video>\n\t\t\t\t<\/div>\n\t\t\t\t\t\t<\/div>\n\t\t\t\t<\/div>\n\t\t\t\t\t<\/div>\n\t\t<\/div>\n\t\t\t\t\t<\/div>\n\t\t<\/section>\n\t\t<div class=\"elementor-element elementor-element-21c85b5 e-con-full e-flex e-con e-parent\" data-id=\"21c85b5\" data-element_type=\"container\">\n\t\t<div class=\"elementor-element elementor-element-c52fbb0 e-flex e-con-boxed e-con e-child\" data-id=\"c52fbb0\" data-element_type=\"container\">\n\t\t\t\t\t<div class=\"e-con-inner\">\n\t\t\t\t\t<\/div>\n\t\t\t\t<\/div>\n\t\t<div class=\"elementor-element elementor-element-be0884b e-con-full e-flex e-con e-child\" data-id=\"be0884b\" data-element_type=\"container\">\n\t\t<div class=\"elementor-element elementor-element-cd5f353 e-flex e-con-boxed e-con e-child\" data-id=\"cd5f353\" data-element_type=\"container\">\n\t\t\t\t\t<div class=\"e-con-inner\">\n\t\t\t\t<div class=\"elementor-element elementor-element-b05aa57 elementor-widget elementor-widget-heading\" data-id=\"b05aa57\" data-element_type=\"widget\" data-widget_type=\"heading.default\">\n\t\t\t\t<div class=\"elementor-widget-container\">\n\t\t\t\t\t<h2 class=\"elementor-heading-title elementor-size-default\">Unser Team<\/h2>\t\t\t\t<\/div>\n\t\t\t\t<\/div>\n\t\t\t\t\t<\/div>\n\t\t\t\t<\/div>\n\t\t\t\t<div class=\"elementor-element elementor-element-2440dc0 elementor-widget elementor-widget-text-editor\" data-id=\"2440dc0\" data-element_type=\"widget\" data-widget_type=\"text-editor.default\">\n\t\t\t\t<div class=\"elementor-widget-container\">\n\t\t\t\t\t\t\t\t\t<p>Nur wer schnell, unkompliziert und zuverl\u00e4ssig im Bereich Transport reagieren kann, kann sich auf dem Markt durchsetzen. Dabei ist wirtschaftliches Denken und Handeln besonders wichtig. Zudem muss au\u00dfergew\u00f6hnliche Flexibilit\u00e4t und Mobilit\u00e4t gew\u00e4hrleistet sein, um seinen Kunden die beste Qualit\u00e4t bieten zu k\u00f6nnen.<\/p><p>Bei Larab K\u00fchltransporte stehen Ihre Anforderungen im Mittelpunkt.<\/p>\t\t\t\t\t\t\t\t<\/div>\n\t\t\t\t<\/div>\n\t\t\t\t<\/div>\n\t\t\t\t<\/div>\n\t\t\t\t<\/div>\n\t\t","protected":false},"excerpt":{"rendered":"<p>https:\/\/xn--larabkhltransporte-r6b.de\/wp-content\/uploads\/2023\/05\/LARAB-Transporte.mp4 Unser Team Nur wer schnell, unkompliziert und zuverl\u00e4ssig im Bereich Transport reagieren kann, kann sich auf dem Markt durchsetzen. Dabei ist wirtschaftliches Denken und Handeln besonders wichtig. Zudem muss au\u00dfergew\u00f6hnliche Flexibilit\u00e4t und Mobilit\u00e4t gew\u00e4hrleistet sein, um seinen Kunden die beste Qualit\u00e4t bieten zu k\u00f6nnen. Bei Larab K\u00fchltransporte stehen Ihre Anforderungen im Mittelpunkt.<\/p>\n","protected":false},"author":1,"featured_media":0,"parent":0,"menu_order":0,"comment_status":"closed","ping_status":"closed","template":"","meta":{"site-sidebar-layout":"default","site-content-layout":"","ast-site-content-layout":"default","site-content-style":"default","site-sidebar-style":"default","ast-global-header-display":"","ast-banner-title-visibility":"","ast-main-header-display":"","ast-hfb-above-header-display":"","ast-hfb-below-header-display":"","ast-hfb-mobile-header-display":"","site-post-title":"","ast-breadcrumbs-content":"","ast-featured-img":"","footer-sml-layout":"","ast-disable-related-posts":"","theme-transparent-header-meta":"","adv-header-id-meta":"","stick-header-meta":"","header-above-stick-meta":"","header-main-stick-meta":"","header-below-stick-meta":"","astra-migrate-meta-layouts":"default","ast-page-background-enabled":"default","ast-page-background-meta":{"desktop":{"background-color":"var(--ast-global-color-4)","background-image":"","background-repeat":"repeat","background-position":"center center","background-size":"auto","background-attachment":"scroll","background-type":"","background-media":"","overlay-type":"","overlay-color":"","overlay-opacity":"","overlay-gradient":""},"tablet":{"background-color":"","background-image":"","background-repeat":"repeat","background-position":"center center","background-size":"auto","background-attachment":"scroll","background-type":"","background-media":"","overlay-type":"","overlay-color":"","overlay-opacity":"","overlay-gradient":""},"mobile":{"background-color":"","background-image":"","background-repeat":"repeat","background-position":"center center","background-size":"auto","background-attachment":"scroll","background-type":"","background-media":"","overlay-type":"","overlay-color":"","overlay-opacity":"","overlay-gradient":""}},"ast-content-background-meta":{"desktop":{"background-color":"var(--ast-global-color-5)","background-image":"","background-repeat":"repeat","background-position":"center center","background-size":"auto","background-attachment":"scroll","background-type":"","background-media":"","overlay-type":"","overlay-color":"","overlay-opacity":"","overlay-gradient":""},"tablet":{"background-color":"var(--ast-global-color-5)","background-image":"","background-repeat":"repeat","background-position":"center center","background-size":"auto","background-attachment":"scroll","background-type":"","background-media":"","overlay-type":"","overlay-color":"","overlay-opacity":"","overlay-gradient":""},"mobile":{"background-color":"var(--ast-global-color-5)","background-image":"","background-repeat":"repeat","background-position":"center center","background-size":"auto","background-attachment":"scroll","background-type":"","background-media":"","overlay-type":"","overlay-color":"","overlay-opacity":"","overlay-gradient":""}},"footnotes":""},"class_list":["post-8","page","type-page","status-publish","hentry"],"yoast_head":"<!-- This site is optimized with the Yoast SEO plugin v25.8 - https:\/\/yoast.com\/wordpress\/plugins\/seo\/ -->\n<title>HOME - Larab K\u00fchltransporte GmbH<\/title>\n<meta name=\"robots\" content=\"index, follow, max-snippet:-1, max-image-preview:large, max-video-preview:-1\" \/>\n<link rel=\"canonical\" href=\"https:\/\/xn--larabkhltransporte-r6b.de\/\" \/>\n<meta property=\"og:locale\" content=\"de_DE\" \/>\n<meta property=\"og:type\" content=\"article\" \/>\n<meta property=\"og:title\" content=\"HOME - Larab K\u00fchltransporte GmbH\" \/>\n<meta property=\"og:description\" content=\"https:\/\/xn--larabkhltransporte-r6b.de\/wp-content\/uploads\/2023\/05\/LARAB-Transporte.mp4 Unser Team Nur wer schnell, unkompliziert und zuverl\u00e4ssig im Bereich Transport reagieren kann, kann sich auf dem Markt durchsetzen. Dabei ist wirtschaftliches Denken und Handeln besonders wichtig. Zudem muss au\u00dfergew\u00f6hnliche Flexibilit\u00e4t und Mobilit\u00e4t gew\u00e4hrleistet sein, um seinen Kunden die beste Qualit\u00e4t bieten zu k\u00f6nnen. Bei Larab K\u00fchltransporte stehen Ihre Anforderungen im Mittelpunkt.\" \/>\n<meta property=\"og:url\" content=\"https:\/\/xn--larabkhltransporte-r6b.de\/\" \/>\n<meta property=\"og:site_name\" content=\"Larab K\u00fchltransporte GmbH\" \/>\n<meta property=\"article:publisher\" content=\"https:\/\/m.facebook.com\/people\/Larab-Khltransporte\/100063483732104\/\" \/>\n<meta property=\"article:modified_time\" content=\"2025-08-29T14:06:07+00:00\" \/>\n<meta name=\"twitter:card\" content=\"summary_large_image\" \/>\n<script type=\"application\/ld+json\" class=\"yoast-schema-graph\">{\"@context\":\"https:\/\/schema.org\",\"@graph\":[{\"@type\":\"WebPage\",\"@id\":\"https:\/\/xn--larabkhltransporte-r6b.de\/\",\"url\":\"https:\/\/xn--larabkhltransporte-r6b.de\/\",\"name\":\"HOME - Larab K\u00fchltransporte GmbH\",\"isPartOf\":{\"@id\":\"https:\/\/xn--larabkhltransporte-r6b.de\/#website\"},\"datePublished\":\"2023-04-30T03:49:37+00:00\",\"dateModified\":\"2025-08-29T14:06:07+00:00\",\"breadcrumb\":{\"@id\":\"https:\/\/xn--larabkhltransporte-r6b.de\/#breadcrumb\"},\"inLanguage\":\"de\",\"potentialAction\":[{\"@type\":\"ReadAction\",\"target\":[\"https:\/\/xn--larabkhltransporte-r6b.de\/\"]}]},{\"@type\":\"BreadcrumbList\",\"@id\":\"https:\/\/xn--larabkhltransporte-r6b.de\/#breadcrumb\",\"itemListElement\":[{\"@type\":\"ListItem\",\"position\":1,\"name\":\"Startseite\",\"item\":\"https:\/\/xn--larabkhltransporte-r6b.de\/\"},{\"@type\":\"ListItem\",\"position\":2,\"name\":\"HOME\"}]},{\"@type\":\"WebSite\",\"@id\":\"https:\/\/xn--larabkhltransporte-r6b.de\/#website\",\"url\":\"https:\/\/xn--larabkhltransporte-r6b.de\/\",\"name\":\"Larab K\u00fchltransporte GmbH\",\"description\":\"Transport Unternehmer\",\"publisher\":{\"@id\":\"https:\/\/xn--larabkhltransporte-r6b.de\/#organization\"},\"potentialAction\":[{\"@type\":\"SearchAction\",\"target\":{\"@type\":\"EntryPoint\",\"urlTemplate\":\"https:\/\/xn--larabkhltransporte-r6b.de\/?s={search_term_string}\"},\"query-input\":{\"@type\":\"PropertyValueSpecification\",\"valueRequired\":true,\"valueName\":\"search_term_string\"}}],\"inLanguage\":\"de\"},{\"@type\":\"Organization\",\"@id\":\"https:\/\/xn--larabkhltransporte-r6b.de\/#organization\",\"name\":\"Larab K\u00fchltransporte GmbH\",\"url\":\"https:\/\/xn--larabkhltransporte-r6b.de\/\",\"logo\":{\"@type\":\"ImageObject\",\"inLanguage\":\"de\",\"@id\":\"https:\/\/xn--larabkhltransporte-r6b.de\/#\/schema\/logo\/image\/\",\"url\":\"https:\/\/xn--larabkhltransporte-r6b.de\/wp-content\/uploads\/2023\/04\/cropped-cropped-logo1-1.png\",\"contentUrl\":\"https:\/\/xn--larabkhltransporte-r6b.de\/wp-content\/uploads\/2023\/04\/cropped-cropped-logo1-1.png\",\"width\":150,\"height\":60,\"caption\":\"Larab K\u00fchltransporte GmbH\"},\"image\":{\"@id\":\"https:\/\/xn--larabkhltransporte-r6b.de\/#\/schema\/logo\/image\/\"},\"sameAs\":[\"https:\/\/m.facebook.com\/people\/Larab-Khltransporte\/100063483732104\/\"]}]}<\/script>\n<!-- \/ Yoast SEO plugin. -->","yoast_head_json":{"title":"HOME - Larab K\u00fchltransporte GmbH","robots":{"index":"index","follow":"follow","max-snippet":"max-snippet:-1","max-image-preview":"max-image-preview:large","max-video-preview":"max-video-preview:-1"},"canonical":"https:\/\/xn--larabkhltransporte-r6b.de\/","og_locale":"de_DE","og_type":"article","og_title":"HOME - Larab K\u00fchltransporte GmbH","og_description":"https:\/\/xn--larabkhltransporte-r6b.de\/wp-content\/uploads\/2023\/05\/LARAB-Transporte.mp4 Unser Team Nur wer schnell, unkompliziert und zuverl\u00e4ssig im Bereich Transport reagieren kann, kann sich auf dem Markt durchsetzen. Dabei ist wirtschaftliches Denken und Handeln besonders wichtig. Zudem muss au\u00dfergew\u00f6hnliche Flexibilit\u00e4t und Mobilit\u00e4t gew\u00e4hrleistet sein, um seinen Kunden die beste Qualit\u00e4t bieten zu k\u00f6nnen. Bei Larab K\u00fchltransporte stehen Ihre Anforderungen im Mittelpunkt.","og_url":"https:\/\/xn--larabkhltransporte-r6b.de\/","og_site_name":"Larab K\u00fchltransporte GmbH","article_publisher":"https:\/\/m.facebook.com\/people\/Larab-Khltransporte\/100063483732104\/","article_modified_time":"2025-08-29T14:06:07+00:00","twitter_card":"summary_large_image","schema":{"@context":"https:\/\/schema.org","@graph":[{"@type":"WebPage","@id":"https:\/\/xn--larabkhltransporte-r6b.de\/","url":"https:\/\/xn--larabkhltransporte-r6b.de\/","name":"HOME - Larab K\u00fchltransporte GmbH","isPartOf":{"@id":"https:\/\/xn--larabkhltransporte-r6b.de\/#website"},"datePublished":"2023-04-30T03:49:37+00:00","dateModified":"2025-08-29T14:06:07+00:00","breadcrumb":{"@id":"https:\/\/xn--larabkhltransporte-r6b.de\/#breadcrumb"},"inLanguage":"de","potentialAction":[{"@type":"ReadAction","target":["https:\/\/xn--larabkhltransporte-r6b.de\/"]}]},{"@type":"BreadcrumbList","@id":"https:\/\/xn--larabkhltransporte-r6b.de\/#breadcrumb","itemListElement":[{"@type":"ListItem","position":1,"name":"Startseite","item":"https:\/\/xn--larabkhltransporte-r6b.de\/"},{"@type":"ListItem","position":2,"name":"HOME"}]},{"@type":"WebSite","@id":"https:\/\/xn--larabkhltransporte-r6b.de\/#website","url":"https:\/\/xn--larabkhltransporte-r6b.de\/","name":"Larab K\u00fchltransporte GmbH","description":"Transport Unternehmer","publisher":{"@id":"https:\/\/xn--larabkhltransporte-r6b.de\/#organization"},"potentialAction":[{"@type":"SearchAction","target":{"@type":"EntryPoint","urlTemplate":"https:\/\/xn--larabkhltransporte-r6b.de\/?s={search_term_string}"},"query-input":{"@type":"PropertyValueSpecification","valueRequired":true,"valueName":"search_term_string"}}],"inLanguage":"de"},{"@type":"Organization","@id":"https:\/\/xn--larabkhltransporte-r6b.de\/#organization","name":"Larab K\u00fchltransporte GmbH","url":"https:\/\/xn--larabkhltransporte-r6b.de\/","logo":{"@type":"ImageObject","inLanguage":"de","@id":"https:\/\/xn--larabkhltransporte-r6b.de\/#\/schema\/logo\/image\/","url":"https:\/\/xn--larabkhltransporte-r6b.de\/wp-content\/uploads\/2023\/04\/cropped-cropped-logo1-1.png","contentUrl":"https:\/\/xn--larabkhltransporte-r6b.de\/wp-content\/uploads\/2023\/04\/cropped-cropped-logo1-1.png","width":150,"height":60,"caption":"Larab K\u00fchltransporte GmbH"},"image":{"@id":"https:\/\/xn--larabkhltransporte-r6b.de\/#\/schema\/logo\/image\/"},"sameAs":["https:\/\/m.facebook.com\/people\/Larab-Khltransporte\/100063483732104\/"]}]}},"_links":{"self":[{"href":"https:\/\/xn--larabkhltransporte-r6b.de\/index.php?rest_route=\/wp\/v2\/pages\/8","targetHints":{"allow":["GET"]}}],"collection":[{"href":"https:\/\/xn--larabkhltransporte-r6b.de\/index.php?rest_route=\/wp\/v2\/pages"}],"about":[{"href":"https:\/\/xn--larabkhltransporte-r6b.de\/index.php?rest_route=\/wp\/v2\/types\/page"}],"author":[{"embeddable":true,"href":"https:\/\/xn--larabkhltransporte-r6b.de\/index.php?rest_route=\/wp\/v2\/users\/1"}],"replies":[{"embeddable":true,"href":"https:\/\/xn--larabkhltransporte-r6b.de\/index.php?rest_route=%2Fwp%2Fv2%2Fcomments&post=8"}],"version-history":[{"count":85,"href":"https:\/\/xn--larabkhltransporte-r6b.de\/index.php?rest_route=\/wp\/v2\/pages\/8\/revisions"}],"predecessor-version":[{"id":398,"href":"https:\/\/xn--larabkhltransporte-r6b.de\/index.php?rest_route=\/wp\/v2\/pages\/8\/revisions\/398"}],"wp:attachment":[{"href":"https:\/\/xn--larabkhltransporte-r6b.de\/index.php?rest_route=%2Fwp%2Fv2%2Fmedia&parent=8"}],"curies":[{"name":"wp","href":"https:\/\/api.w.org\/{rel}","templated":true}]}}